e value of -2 + (2 + -96 - (0 + 6)) + 71 + -62?
-93
What is the value of 67 + 6 - (1428 + -1309)?
-46
Evaluate (-1 - 0) + 61 + (-52 - -70) + -15 + 3.
66
What is the value of (0 - 8) + (-54 - -92) + (-2 - 1)?
27
(3 - -9) + -1 - (54 + -25 + 73) - -5
-86
-18 + 6 + (-2 - (-13 - -13)) - 35
-49
What is the value of 41 + -120 + 46 + -19?
-52
What is the value of -61 - (13 + (-47 - 24))?
-3
9 - (-18 - -2 - (-6 - (-2 + (-14 - -5))))
30
Evaluate -90 + 2 + 0 + -349 + 365.
-72
What is 89 + -11 + 4 + -21 - 21?
40
What is the value of 57 + -35 + -15 - -34?
41
Calculate 6 + (143 - 98) + 4 + -2 + -10 + 0.
43
(-5 - -6) + -1 + (-12 - 11)
-23
Evaluate 26 + -1 + (-4 - -1) - (-100 + 87).
35
Evaluate 6 + 17 + (10 - (-6 - -6)) + -8 + 3.
28
What is the value of -20 - -10 - ((-10 - 13) + -42 + (8 - 2))?
49
Evaluate 69 + 2 + 33 + -23.
81
What is the value of 66 + (-20 - -97 - 174)?
-31
What is the value of -6 + 35 - (-946 - -927)?
48
Evaluate (12 - 17 - -48) + 10 - -3.
56
What is -15 + 0 - (40 - (44 + -11))?
-22
What is the value of -16348 - -16481 - (-2 + -1)?
136
What is 17 + -7 + -15 + 6 - 27?
-26
(3 - (20 - 0)) + 42
25
What is the value of -65 + 70 - (2 - (-36 + 0)) - (658 - 665)?
-26
Calculate -3 + (2 - -40) + -50 + 24 + 1 + 1.
15
What is (133 + -20 - 80) + (0 - -38)?
71
What is -3 + 0 - 15 - (85 + 21 - 91)?
-33
(5 - 2) + 49 + -30 + -6
16
What is 8 - 12 - (56 - (22 + 9))?
-29
-16 + 72 + (14 + -4 - (-23 + 44))
45
Evaluate -2 + 1 - -9 - (-23 - (-46 - -102)).
87
Evaluate -87 + 48 - -82 - (1 - (1 - 0)).
43
Evaluate 32 + (-3 + -1 - 8) - 80.
-60
Evaluate -8 + 0 + 3 + (14 - (31 + -24)).
2
-1258 + 1275 + -18 + 0
-1
(34 + (-4 - 31) - 0) + (1 - 0) + -45
-45
Calculate (-2 - -15) + 11 + 0 + -5 + -30 + 30.
19
What is 0 - 23 - (47 - (25 - -33)) - 45?
-57
Calculate 3 - 7 - (-6 + -32) - (595 - 604).
43
What is (-116 + 92 + 15 - (1 - 2)) + 43?
35
-103 + (84 - (-45 + 24))
2
5 + (199 + -227 - (1 - 15)) + (74 - -1)
66
-16 + (72 - -8 - (17 + -18)) + 9
74
(-37 + 23 - 4) + -20
-38
(0 + 0 + 0 - 4) + (39 + -93 - -114)
56
What is the value of -75 - (85 + -84 - 190)?
114
Evaluate 113 + -28 + 89 + -115.
59
Calculate -1 + 39 + 253 + -288 + (1 - -15).
19
Evaluate -33 + 34 + 23 + -3.
21
Evaluate -17 + -1 + (87 - 168) + 5 + -2 - -7.
-89
What is -12 + (-17 + -11 + 40 - -98)?
98
What is 15 - -1 - (42 + (-27 - -11) + -9) - -1?
0
What is the value of -5 - (-125 + 93 - (-3 + -16) - 58)?
66
Calculate 69 + (-11 + -5 - 18) + 27.
62
Calculate 30 + 58 - (-45 + 104).
29
What is the value of 10 + (10 - 12) + (-8 - (7 + -37))?
30
Calculate (137 + -34 - 63) + -1 + 0.
39
9 - 1 - (-42 - (9 - (-18 - -29)))
48
Calculate (-81 - (3 + -3)) + 4896 + -4887.
-72
Evaluate 1 - -5 - (-35 + (-7 - -42) - (2 - -4)).
12
What is -16 + 0 + 4 + 1007 + -1102?
-107
What is the value of 15 + (18 - (20 + (9 - 17))) + 2 + -148?
-125
What is (10 - (28 - (13 + -10) - 11)) + -6?
-10
What is (0 - 64 - -6) + 12 + -17 + -7?
-70
Calculate -32 + 6 + (-23 - -15) + -2.
-36
Calculate -34 - (16 - 36 - 6) - (-1 + -20).
13
Evaluate 36 - 47 - (8 + -13 + -15).
9
What is (4311 - 4483) + (1 - -55)?
-116
Calculate -1517 + 1462 - (2 + -52).
-5
What is -20 + 28 - -22 - (-1 - (3 + (-3 - 2)))?
29
What is -44 + 8 + (15 - -2 - 14)?
-33
What is the value of (17 - -45) + (2 + -5 - 7) - (-3 + 12)?
43
Calculate -53 - ((1 - (1 - -11 - 3)) + -142 + 158).
-61
Evaluate -127 + -60 + -26 + 140.
-73
What is 25 - (0 + (27 - 32) - -52)?
-22
Calculate 30 - (-6 - 0 - -42 - 12).
6
What is 11 + (65 - 66 - (-13 + 2)) - -4?
25
-40 + 47 + 0 + -55
-48
What is the value of (4 - 12) + (0 - (-16 + 5 - (0 - 71)))?
-68
8 + (-2 + -7 - ((17 - 16) + 1))
-3
Evaluate 10 - -8 - -35 - 6 - (-1 + -6 + -6).
60
Evaluate (-236 - -269) + (-3 - (2 + -2)) - 9.
21
Calculate 18 - (-8 - -22) - 5 - (5 + 1).
-7
4 - (-11 - (-20 + 5 + (-2 - (-12 - -9))))
1
Evaluate -14 + ((-12 + 1 - -23) + -20 - -4).
-18
-8 - ((106 - 71 - (18 + -2)) + 108)
-135
-43 + 2 + (2240 - 2244)
-45
What is the value of -27 - (19 + -47 - 30)?
31
What is 30 + (-98 - -55) + 32?
19
Evaluate -22 + (-3 - -85) + -126.
-66
49 + (2 - (-12 + -2 - (-21 + 4)))
48
What is (4 + -16 + 16 - -2) + 1 + 34 + 1?
42
Evaluate 13 + (874 - 956) + (12 - (-4 + 2 + 0)).
-55
What is the value of 15 + -92 - (-39 - 1)?
-37
What is the value of 3 - (-37 + (26 - 21) + -2 + 13)?
24
(2 + 48 - 8) + -81 + 59
20
What is -1 + 24 + (-9 + -16 + -120 - -38)?
-84
Evaluate (-26 - -9 - 0) + 9.
-8
Calculate 5 - (-15 - (-1 - 17)) - 29.
-27
(37 + 85 + -15 - 35) + 32
104
What is the value of 4 + -6 + (152 - 41 - 29) + (-11 - -1)?
70
Evaluate -82 + (56 - 45) - -63.
-8
Calculate 225 + (-18 - (6 + 117)).
84
Calculate 15 - (1 - (6 + -6)) - (2 - 6).
18
31 + 0 + 3654 + -3650
35
What is -53 + (-86 - 39 - -265)?
87
What is 11 - ((44 - -1) + (164 - 167) + -2)?
-29
Evaluate (-27 - -6) + -112 + 133.
0
What is the value of 96 - (-8 - (-45 - (-3 - 13)))?
75
21 + -42 - -60 - ((-10 - 14) + 6)
57
Calculate -10 + -1 - (-35 + 3 - (-5 + -13)).
3
0 + (16 - 0) + (-125 - (188 - 212))
-85
What is the value of -8 + 5 + 24 + (32 - 3)?
50
Calculate (20 - (-11 + 13)) + -1 - (80 + 3).
-66
Evaluate 44 + -60 - -34 - -22.
40
What is the value of (48 - (-29 + 18)) + 6 - (4 - 4)?
65
Calculate 16 + (64 - 1) + -2035 + 2030.
74
-144 - -84 - -136 - (2 + 0 + 1 + 7)
66
What is 136 - (3 + (7 + -2 - 1 - -10) - 8)?
127
What is (14 - (-5 + 4) - -1) + -34 + 38 + -27?
-7
Evaluate 4 + -21 - (4 - 13) - (2 + -14).
4
Calculate 12 + 1 + -11 + -12 + (-3 - (-33 - -13)).
7
Calculate (2369 - 2370) + (-1 - 1) + (-4 - -2).
-5
Calculate -2 - (12 + (-4 - (-16 + 11 + -1)) + 89).
-105
Calculate 2 + 32 + 1 + (-13 - 3 - -22).
41
Evaluate 1 - 1 - (4 + (-3 - 8) + 33 + -12).
-14
Evaluate -53 - (98 - 50 - 63).
-38
What is the value of 57 + (-158 - (-6 + -53))?
-42
-25 + 40 + -23 + -6 + (-5 - (-8 + 1))
-12
11 - 5 - 0 - (-27 + 39) - 60
-66
Evaluate (66 + -69 - (-1 + -3) - 9) + -18.
-26
1 + -21 + (-36 - -44 - (20 - 43))
11
0 + (-108 - (-116 + -79))
87
(14 - (-56 - -20)) + -22 - 23
5
What is -4398 + 4432 - (-11 - 11 - (4 + -1))?
59
Calculate 17 + -1 - (25 + -12) - -11.
14
What is -7 + ((-13 - 8) + 5 - -13) - -27?
17
What is -593 + 601 - (-1 - -20) - (10 - -11)?
-32
What is -7 - ((-34 - -3) + 90 + -78) - -71?
83
27 + 3 + (-114 + 181 - 10)
87
What is 6 - (2 + 4 + -1) - (176 - 187)?
12
Evaluate (-1 + 3 + -9 + 59 - -6) + -6.
52
Evaluate -6 + 24 + (-6 - (7 + (0 - 7) + -7)).
19
Calculate 82 + -96 + 39 - (-2 - 22).
49
Evaluate 23 - (86 + (-22 - -1 - (626 - 669))).
-85
What is 14 + 50 - 13 - ((-2 - -19) + 8 + -18)?
44
(7 - 114 - -49) + 105
47
What is the value of 25 - (107 + -25 + -45)?
-12
Evaluate 37 - (-77 - (-66 - -64)).
112
Calculate -4 + 61 + (-8 - (-9 - 15)) + -20.
53
What is the value of -255 - -241 - (10 - 1)?
-23
-48 + (-4 - 4) + (21 - 5) + 5
-35
Calculate ((3 - 10) + 1 - -57) + (-16 - (-8 - -2)).
41
Calculate (-11 - -4) + -10 + 10 - (-29 - (-13 - -14)).
23
Calculate -2 + (5 + (11 - 11) - 3 - (-4 - -1)).
3
What is the value of -6 + -19 + -5 - (19 + (-41 - -33))?
-41
What is -93 + (95 - 54) + 12?
-40
Calculate 29 + 36 - (91 - 11).
-15
(-1 - -16) + (4535 - 4451)
99
Evaluate -35 + 2 + -79 - (-5 + 18 + 1).
-126
What is the value of 7560 + -7551 - (67 - -1)?
-59
Calculate (33 - 22) + -53 + 60 + -107 + 1.
-88
Evaluate (1 - 10 - (303 - 227)) + (-3 - -11).
-77
Calculate 0 + 5 + -33 + (2 - (19 + -10)).
-35
Calculate 4 + (28 - 19) + (0 - 8) + -12.
-7
What is -2 + (114 - ((-7 - -7) + 19 + 6))?
87
Calculate (-13 - 20) + (2 + (-9 - -7) + 7 - 16).
-42
What is the value of 9 + (-11 - ((17 - (41 - 17)) + (3 - 6)))?
8
Evaluate (-139 + 123 - (4 + 3)) + -32.
-55
What is the value of 59 + (-2 + 4 - (21 + -33) - -10)?
83
Evaluate (14 - (18 - 2 - (22 + -32))) + (-54 - 2).
-68
(-8 - (25 - (31 + 35))) + -164
-131
What is the value of 53 + (3 - 2 - (19 - (19 - -11))) + -23?
42
Evaluate -4 + 1 + 11 + 23 + 5 + 12.
48
What is 0 + 3 + 7 + (35 - 25) + -20?
0
4 - 2 - ((9 - 12) + -3 + (0 - 45))
53
What is the value of -31 - (-1 - (-1 - 2)) - (365 - 361)?
-37
Calculate 161 - (74 + (57 - 21)).
51
What is the value of 12 + -85 + (5 - (-3 + (10 - 9)))?
-66
Evaluate 34 - (33 - -2) - (2 - 11) - -2.
10
Evaluate 24 + (-37 + -2 + 5 - (-69 + 60)).
-1
What is the value of -102 + 86 + 32 - (-8 + 1)?
23
Calculate (1 - 5 - 5) + -14 + (-24 - -14) + -12.
-45
-1 + 45 - (-164 - (-132 + 60)